. Let c = -137 - a. Is c a prime number?
False
Is (-15254)/(-8) - 14/(-56) a composite number?
False
Let s(v) = 21*v**2 - 7*v - 9. Is s(-11) composite?
False
Suppose p - 253 = -s - 59, 3*p - 4*s = 582. Is p a prime number?
False
Suppose 21*z = 20*z + 2342. Is z composite?
True
Let r = -1122 + 1739. Suppose -5*a - 193 = -q, -7*a + 3*a = 3*q - r. Is q prime?
False
Let n = 305 - 125. Let w = -101 + n. Is w a prime number?
True
Let h(d) = -115*d + 19. Is h(-6) a prime number?
True
Suppose 2*k + 310 = 5*g + 74, 2*k = g - 236. Let h(n) = 94*n + 5. Let b be h(-2). Let f = k - b. Is f a composite number?
True
Let n(h) = h**3 + 5*h**2 - 8*h - 1. Let w(j) = j**2 + 6*j - 6. Let u be w(-6). Is n(u) composite?
False
Suppose l - 2 = -l, 175 = -2*r - 3*l. Is 0 - -2 - (r - 0) a prime number?
False
Let b(t) = t**2 + 40. Let k be b(0). Let o be k*(1 - (-9)/(-6)). Let u = -14 - o. Is u a composite number?
True
Let y = -554 + 963. Is y composite?
False
Is 1032 + (-4 - 2 - -1) a composite number?
True
Let t be (0 + (-6)/9)*-15. Suppose 9 = -3*k - 3*y, -k + 4*y + t = -6*k. Suppose 3*h + 4 = x, x = k*x + 2*h - 29. Is x a composite number?
False
Suppose -2*x - 9 = -4*f - 23, -7 = -3*x - f. Suppose a - l = x*l - 3, -4*a - 3*l + 26 = 0. Suppose a*q = -14 + 559. Is q a prime number?
True
Let v(k) = 189*k - 1. Let o be v(-1). Let g = 267 + o. Is g prime?
False
Let w = 3 + 5. Suppose -z = -3*l + w - 25, -2*l = -z + 14. Suppose m - 2*m - 57 = -4*v, -z = -v - m. Is v composite?
False
Let h = -3 + 24. Suppose 3*z - h = -3*m, -4*m + 2*z = z - 38. Suppose 0 = 4*t - 4*f - 216, -6 = -3*f + m. Is t prime?
True
Let r(y) = y**3 - 8*y**2 - y + 10. Let p be r(8). Suppose 2*k - 5*d = -0*k - 17, k - p*d + 6 = 0. Let s(j) = j**2 - 1. Is s(k) a prime number?
False
Suppose 2*v + i - 3*i = 1760, 5*v + 2*i = 4379. Is v prime?
True
Let u = 15 - -7. Is u a prime number?
False
Let m(g) = -g**3 - 8*g**2 + 3*g - 4. Let d be m(-6). Let s = 27 - d. Is s prime?
False
Let p(n) = -85*n**3 - 2*n**2 + 2*n + 5. Is p(-2) a prime number?
True
Suppose 0 = -3*i + 5*o + 1212, 2*o = 2*i - 0*o - 812. Is i composite?
False
Let q(v) = v**3 + 16*v**2 + 5*v + 13. Is q(-7) a prime number?
True
Let r(m) = 41*m**3 - 3*m**2 + 3. Is r(4) composite?
False
Suppose 2*s - 111 = -3*w, 116 = 6*s - 4*s + 2*w. Is ((-6)/7)/((-18)/s) a prime number?
True
Let x(g) = 28*g + 4. Let b be x(9). Suppose 101 = 3*a - b. Is a composite?
True
Let t(y) = -y**3 + 6*y**2 + 7*y + 3. Let m be t(7). Is ((-8)/2 - m)*-23 composite?
True
Let q(w) = -w**3 + 3*w**2 + 8*w - 10. Let b be q(6). Let v = b - -363. Is v composite?
False
Let a be -3 + (-3)/(-3)*93. Suppose -2*u = -5*u - a. Is (23/(-2))/(5/u) a prime number?
False
Let u = 3579 - 2428. Is u prime?
True
Let q(w) = 3*w**2 + 2*w + 1. Is q(4) a prime number?
False
Let m(l) = 28*l + 1. Let n(f) = -27*f - 1. Let k(v) = 5*m(v) + 4*n(v). Is k(1) a prime number?
False
Suppose -2*p + 2*u + 10 = u, -3*p + 17 = -2*u. Suppose 5*y = -5*i - 10, 2*y - p*i = -0*i + 21. Suppose -n + 188 = y*n. Is n a prime number?
True
Is (-33878)/(-12) - (-7)/(-5 - 37) a prime number?
False
Let i be (-2)/(-6)*(-36 + 15). Let w(k) = -126*k - 17. Is w(i) a composite number?
True
Let n(j) = -j**3 + 6*j**2 + 6*j - 10. Let f be n(7). Let v = f + 31. Is v a prime number?
False
Let b(k) = -4546*k + 1. Is b(-1) a prime number?
True
Let j = 56 - -128. Suppose 3*p + p = j. Is p a composite number?
True
Let h(p) = -3*p**2 - 9*p - 5. Let x(f) = f + 1. Let r(s) = -h(s) - 6*x(s). Let a be r(-4). Suppose -70 - a = -5*t. Is t a prime number?
False
Suppose 1083 = 9*f - 12*f. Let o = -204 - f. Is o a prime number?
True
Suppose -3*f + 4072 = 691. Suppose -121 = 2*q - f. Is q composite?
False
Suppose -9 = -3*u - 2*b + 9, -3*b = -2*u - 1. Suppose -2*d + 7*d + 5*i = 1280, u*i - 510 = -2*d. Is d a prime number?
True
Let o be (-5 - -1)/(2 + -3). Suppose o*i - 54 = 142. Suppose -5*n + i = 3*k + 4, -4*k + 60 = -3*n. Is k a prime number?
False
Suppose 4*q + 26 = 2*j - 0*q, -2*j = 5*q + 10. Suppose 5*h - 1 = w + 4, j*w - 56 = -2*h. Is w prime?
False
Let b be 0 + 3 + (13 - 0). Suppose -2*x = 2*x - b. Let f(s) = s**3 - 2*s**2 - 4*s + 6. Is f(x) a composite number?
True
Suppose 4*l - 135 = 1037. Is l a prime number?
True
Let s = 10 + -8. Let m(q) = 9*q**s - 2 + q + q**2 + 5*q**2 + 3. Is m(-1) prime?
False
Suppose 0 = m, -5*m - 37 - 46 = -k. Is k a composite number?
False
Let o(t) = t. Let b be o(0). Suppose -4*q + 3*q + 3*j + 58 = b, q = -5*j + 50. Let z = q + -18. Is z a composite number?
False
Suppose -3*s = -12 - 9. Is s prime?
True
Let n = 1 - 2. Let d = n + -1. Is 10 + -1*(d + 1) a composite number?
False
Let k(f) = -95*f**3 - 4*f. Let x(z) = 24*z**3 + z. Let q(m) = -2*k(m) - 9*x(m). Let b be q(-2). Suppose -c + g + 53 = 0, c = -3*c + 3*g + b. Is c composite?
True
Suppose 2*f - 1257 = -3*m - 32, 0 = 2*m + 2*f - 816. Is m composite?
False
Let a(o) = -o**3 - 4*o**2 - 6*o - 9. Is a(-8) a composite number?
True
Is 3178/10 + 36/(-45) a prime number?
True
Let f = 2 + 1. Suppose 2*d + 3*d - 305 = -f*y, -4*y = 3*d - 392. Is y prime?
False
Is (-1255)/(-7) - (-12)/(-42) a prime number?
True
Let r = -5 - -1. Is 19/((r + 3)*-1) a composite number?
False
Suppose 0*t - p = -3*t + 8, 5*t = -2*p + 28. Suppose -3*c = 4*l - 25, -4 + 0 = -t*l. Is c a composite number?
False
Let g = 165 - 424. Is ((2 - 5) + g)/(-2) composite?
False
Suppose 5*d = 2*d + 2*j + 297, 0 = 2*d - 4*j - 206. Is d a composite number?
False
Let q(s) = -s**3 + 7*s**2 - 6*s - 4. Let f be q(6). Is (41/f)/(1/(-28)) composite?
True
Let g = 402 - -97. Is g a prime number?
True
Let i = -607 + 866. Let p = i + -8. Is p a composite number?
False
Suppose -w - 3*w + 6928 = 0. Let d = -1077 + w. Is d prime?
False
Suppose 0 = -3*t - 79 + 190. Is t a prime number?
True
Let y(o) = -o**2 - 3*o + 2. Let v be y(-2). Suppose 138 = 6*z - v*z. Is z a prime number?
False
Is (-5)/(-3) + (-7)/(-21) + 87 a composite number?
False
Let k(i) = -9*i - 2. Let f be k(-1). Let l(y) = 2*y**3 - 8*y**2 - 8*y - 5. Is l(f) composite?
False
Suppose 20*m - 24*m + 1228 = 0. Is m prime?
True
Suppose -3*b = -19*b + 61296. Is b a prime number?
False
Let o(j) = -5*j - 4. Suppose -5*s - 9 - 36 = 0. Let q be 39/s + (-2)/3. Is o(q) a prime number?
False
Suppose 7*m - 5*m + 622 = 0. Let r = 730 + m. Is r a composite number?
False
Suppose -3 = 4*f - 11. Suppose 0*b + b - 81 = k, -k - 157 = -f*b. Let v = b - 39. Is v a composite number?
False
Suppose -y - 3*l = -0*l - 6, 4*l = 3*y + 8. Suppose 18 + y = 5*g - 4*j, -3*g = 3*j. Suppose 2*a - 169 = -3*a + g*n, -2*n = -6. Is a a composite number?
True
Suppose -5*c - 5*f + 25180 = 0, 9148 = -4*c - 2*f + 29298. Is c a prime number?
True
Let c be 20/(-4)*3/1. Is (-10)/3*18/c a composite number?
True
Let o = 581 - 360. Is o a prime number?
False
Let w(j) = j - 18. Let b be w(12). Let h(k) = k**2 + 6*k + 1. Let m be h(b). Is (-121*m + 2)*-1 prime?
False
Let o = 20 + -18. Suppose 939 = 3*l + 4*r - 196, 0 = -o*r + 8. Is l a composite number?
False
Is -1 + 3*1*1638/9 prime?
False
Let a be 718/1 + 0 + 2. Is a - (-2 + -2)/(-4) a composite number?
False
Suppose -3*s = -s + 14. Let m = s - -5. Let c = 225 + m. Is c prime?
True
Let v be (5/(-2))/(2/4). Let d be v/10 + (-9)/(-2). Suppose 2*o - 208 - 98 = 4*h, 4*h - 648 = -d*o. Is o a composite number?
True
Suppose 32 = -5*g + 2047. Is g a composite number?
True
Suppose -13*n - 7151 = -33788. Is n prime?
False
Suppose 4*z + 15 = -3*h + 5, -3*z - 6 = 3*h. Suppose -h*a + 426 = -4*m - 0*m, -2*a + 531 = -5*m. Let n = -56 - m. Is n composite?
True
Suppose r - 288 = 5*r. Let l be ((-38)/4)/(1/(-2)). Let z = l - r. Is z prime?
False
Let g = 5691 + -3296. Is g composite?
True
Let f(l) = -6 + 1 - l + 2 + 0. Let c be f(-10). Let t = 31 + c. Is t prime?
False
Suppose 0 = -4*r + 16, -4*a + 2*r + 400 = 3*r. Suppose 4*j - a - 665 = 0. Suppose 3*d + 0*g - j = 5*g, -5*d = 4*g - 343. Is d a composite number?
False
Suppose -3*d + 1092 = 4*p + d, -2*p - 5*d = -543. Is p composite?
True
Let x = 7194 - 2999. Is x a composite number?
True
Suppose -725 = -4*l - 3*h, 157 = l + 4*h - 34. Is l composite?
False
Let c = 68 - -81. Is c a prime number?
True
Is (-6 - 1)*(-13 - -8) prime?
False
Let p = 0 - -7. Suppose -2*o = 1 - p. Suppose m + 0*m - o*a - 44 = 0, 4*a + 275 = 5*m. Is m a compo